ose -3*s - 2*o + 190 = 0, -4*o = -5*s - 0*o + 324. What is the units digit of s?
4
Suppose -o + 1 = -19. Let c = 36 - o. What is the tens digit of c?
1
Let k(t) = -t + 2. Suppose 4*r = -2*x + 3*x, -3*x - 5*r = 0. Let h be k(x). Suppose 7 = h*p - p. What is the units digit of p?
7
Suppose 480 = 9*m + m. What is the units digit of m?
8
Let p = 16 - 12. What is the units digit of p?
4
What is the tens digit of 17 + 1/1*-3?
1
Suppose 0*d - 2*d = -4*c - 36, -3*d = -4*c - 34. Let m = c - -13. What is the units digit of m?
3
Let g(i) = -2*i**2 + i + 2. Let c be g(2). Let w(l) = l**3 + 5*l**2 + 3*l - 2. What is the units digit of w(c)?
2
Let s = 663 - 450. What is the hundreds digit of s?
2
Suppose -5*p + 40 = 3*o, -5*p + 0*p - 20 = 0. What is the units digit of o?
0
Let y(v) = -v**2 + 7*v + 3. Let f be y(7). Suppose -2*a = m, -f*m + 25 = 3*a - 2*a. What is the units digit of m?
0
Suppose 0 = 3*p + 6, 0*p = -t + 4*p + 9. What is the units digit of t?
1
Suppose 0*f = -5*i + f + 786, -4 = 4*f. What is the units digit of i?
7
Suppose 97 = 5*m + 2. Suppose -m = -4*j + 45. What is the units digit of j?
6
Suppose 191 + 19 = 10*j. What is the tens digit of j?
2
Let b = -13 + 22. What is the units digit of (-20)/6*b/(-5)?
6
Suppose i - 3 = 6. Let k = 26 - 19. Let t = i - k. What is the units digit of t?
2
Let x = 18 - 13. Let g = 7 - x. Suppose 0 = -5*q + g + 3. What is the units digit of q?
1
Let y = -5 - -11. Suppose -4*u + 2*u + y = 0. Let h = -2 + u. What is the units digit of h?
1
Suppose -2*a - 3*a = 0. Suppose -6*n + 0*n + 114 = a. What is the tens digit of n?
1
Suppose -2*i + 302 = 74. What is the units digit of i?
4
Let w = -1 + 21. Suppose -b - b = 0. Suppose b = -c - c + w. What is the units digit of c?
0
Let r = -5 - -8. Let c be 6*5/(-45)*-6. Suppose c = -2*i + r*i. What is the units digit of i?
4
Suppose -k + 6 = 2*k. Let g = 5 - k. Let w = -1 + g. What is the units digit of w?
2
Suppose -4*s = -6*s - y + 1, 0 = -s - y - 1. Let i be 10/(0 - -2) + s. Suppose 2*n - i*n = -25. What is the units digit of n?
5
Let v = 23 + -6. Let k = -4 + v. What is the tens digit of k?
1
Let f(l) = 6*l + 20. What is the units digit of f(20)?
0
Let n be (-1)/(3 + -5 - -3). Let b(f) = -14*f**3 + 2*f**2 - 1. What is the units digit of b(n)?
5
Let j(y) = -2 + 0*y + 2*y + 5*y**2 - 5*y. What is the units digit of j(-2)?
4
Let u be -3 - (2 + 12/(-2)). Suppose o - 3*d + 1 = -u, 0 = -o + 4*d - 4. What is the units digit of o?
4
Let r = 132 + -124. What is the units digit of r?
8
Let c(z) = 8*z + 8 + 12*z - 2. What is the tens digit of c(2)?
4
Let x(v) = 5*v**2 + 6*v - 3. What is the tens digit of x(2)?
2
Let l = 12 - 5. Suppose g - 5*g + 360 = 0. Suppose 3*m - 2*s + 74 = l*m, 0 = 5*m + 5*s - g. What is the units digit of m?
9
Let c(u) = -u**3 - u**2 + 57. What is the units digit of c(0)?
7
Let i(c) = 4*c**2 - 3*c - 6. Let f(j) = 5*j**2 - 4*j - 7. Let k(v) = -3*f(v) + 4*i(v). Let x = -7 - -10. What is the units digit of k(x)?
6
Suppose v = 25 - 4. What is the units digit of (v - 1) + -3 + 3?
0
Let b(m) = m**2 + 2*m - 5. What is the units digit of b(-4)?
3
What is the units digit of 2 - ((-3)/1 - -7) - -48?
6
Let r(s) = s**3 + 15*s**3 - s - 12*s**2 + 12*s**2. What is the tens digit of r(1)?
1
Let o(p) = 12*p**2 - 2*p + 1. Let z = -5 - -6. What is the tens digit of o(z)?
1
Suppose -2*u = 5*y - 3*u - 462, 5*u = 15. What is the units digit of y?
3
Let w(y) = y**2 - 9*y - 7. Let g be w(10). Suppose b - 2*a - 84 = -g*b, 5*b - 2*a - 106 = 0. What is the units digit of b?
2
Let i(r) = -r**3 - 4*r**2 - 2*r. Let m be i(-3). Let a be -2*3/6*11. Let x = m - a. What is the units digit of x?
8
Suppose 2*i + 4 = 84. Suppose -o - 20 = -2*b - 0*o, -3*b + i = o. What is the units digit of b?
2
Suppose 4*o - 10 = -o. Let s be o/(-5) - 2/(-5). Suppose -3*u + s = -3. What is the units digit of u?
1
Let l be 1/(-3) + (-52)/(-12). Suppose -2*r - 10 = 3*n + n, l*r - 16 = n. What is the units digit of n/6*(-63)/6?
7
Suppose -8*l + 96 + 120 = 0. What is the tens digit of l?
2
Suppose -x + h = -47, 2*x - 7*x + 4*h + 231 = 0. What is the units digit of x?
3
Let p be 25/4 - 13/52. Let z = -5 + p. What is the units digit of z?
1
Let a(w) = 3*w**2 - 7*w + w**2 + 3*w + w**3. Let g = 4 - 8. What is the units digit of a(g)?
6
Let y be 1 + 0 - 0 - -1. Suppose 2*g + 10 = 0, 2*g + 2*g + 16 = -n. Suppose 0 = -q - y + n, 0 = -5*s - 2*q + 29. What is the units digit of s?
5
Let m be ((-8)/6)/((-12)/27). Suppose -9*d = -m*d - 180. What is the units digit of d?
0
Suppose 0 = -3*w - 36. What is the tens digit of (112/w)/(2/(-3))?
1
Suppose 4*z = 4*l - 152, -4*l + 4*z + 149 = z. What is the units digit of l?
5
Let w = 58 + 70. What is the hundreds digit of w?
1
Let s be (-18)/(-30) - (-17)/5. Suppose -4 = -3*z + 3*q + 11, -s*q = -2*z. What is the units digit of (z + 2)*(1 + 0)?
2
Suppose 4*z + 1 = -3. What is the units digit of 15 - (z + 1 - -1)?
4
Let y = 7 + -4. Let g = y - 0. Suppose -10 = -g*k + d, -3*k - 12 = -k + 4*d. What is the units digit of k?
2
Let j(p) = -p - 6. Let v be j(-9). Suppose 3*a - 7 = -2*i, v*a + a - 8 = -4*i. Suppose -4*t + 9 = d - 10, a*t - 3*d = 3. What is the units digit of t?
4
Let m = -2 + 7. Suppose m*i = -5*t + 45, i + 3*i - 20 = 0. What is the units digit of t?
4
Let k(s) = s**2 - 2*s - 1. Let b be k(-1). What is the units digit of 10/5*1/b?
1
Let b(o) = -7*o - 5*o + 5*o - o**2 + 1. Let x(k) = -2*k + 9. Let r be x(7). What is the units digit of b(r)?
1
Suppose 94 = -5*u - 31. What is the units digit of (-5)/15 + u/(-3)?
8
Let b = -6 - -8. What is the units digit of b/4 - 2/(-4)?
1
Suppose -2*b = -4*d + 16, 5*d - 5*b - 14 = -b. Let a(q) = 7*q - 9. What is the units digit of a(d)?
3
Let y(a) = 2*a - 5. What is the units digit of y(15)?
5
Suppose -w + 47 = -5*y, 0*y + y + 207 = 4*w. What is the units digit of 1/2 + w/8?
7
Let a(t) = t**3 - t**2 - 1. Let f be a(1). Let b = f - -12. What is the tens digit of b?
1
Let j = 233 - 99. What is the units digit of j?
4
Let h(d) be the first derivative of 3*d**2/2 - 5*d - 1. What is the units digit of h(4)?
7
What is the units digit of ((-1)/(-2))/((-7 - 0)/(-14))?
1
Let i be (-1 - 18)*(-1 - 0). Suppose -i = -p - 7. Let w = 26 - p. What is the tens digit of w?
1
Suppose 0 = 2*s + 1 - 13. Let v = s + -2. Suppose v*w = -z + 21, w - 5 + 1 = z. What is the units digit of z?
1
Let v = -5 + 9. Suppose 2*f = 7*f - 80. Suppose -4 = -v*n + f. What is the units digit of n?
5
Let c(u) be the third derivative of u**6/180 + u**5/120 + u**4/24 - 3*u**2. Let i(y) be the second derivative of c(y). What is the units digit of i(1)?
5
Let u be 1 + 0 + (3 - 4). Let c = 0 + u. Suppose v = -c*v + 3. What is the units digit of v?
3
Suppose 2*i - 81 = 169. What is the tens digit of i?
2
Let z = -5 - -5. Let f = z + 0. What is the units digit of 1 - ((f - 11) + 2)?
0
Suppose 0 = 4*m - 4, -a = a - 4*m - 236. What is the units digit of a?
0
Suppose 4*v - 13 - 99 = 0. Let n = 41 - v. What is the units digit of n?
3
Let f be (-48)/(-40)*170/4. Let a = -27 + f. What is the units digit of a?
4
Let v = -23 + 80. Suppose 2*n + 4*x = -5 + 37, 4*n + x = v. What is the tens digit of n?
1
Suppose -f = 4*f - 30. Suppose 0 = 3*y - 3 - f. What is the units digit of y?
3
Suppose a + 4*y - 13 = 0, 3*y - 9 = -3*a + 12. Let q be (-2)/4 + (-10)/4. Let g = a + q. What is the units digit of g?
2
Let q be ((-4)/(-4))/((-3)/(-144)). Suppose -r - q = -5*r. What is the tens digit of r?
1
Let q be (6/2)/3*-8. Let u be (10/4)/(-5)*-2. What is the units digit of u/(-2) - 44/q?
5
Let o(p) be the second derivative of -5*p**3/6 - p. What is the units digit of o(-1)?
5
Suppose w - 12 = -3*w. Let a be w/(-3) + -1 + 12. Suppose a = 4*i + 2. What is the units digit of i?
2
Suppose 10 = -2*n + 4*t - 2, -3*n + 3*t = 3. What is the units digit of (n/(-6))/((-2)/24)?
8
Let p = -164 + 334. What is the units digit of p?
0
Let g = -16 - -26. Let w = 14 - g. Suppose 0 = -w*q + 27 + 1. What is the units digit of q?
7
Suppose -4*l + 352 = -2*v, -4*v - 2 = -3*v. Suppose -6*m + l = 33. What is the units digit of m?
9
Suppose -883 - 76 = -3*r + 5*b, -5*r = -4*b - 1594. What is the tens digit of r?
1
Let z = 50 - 16. What is the units digit of z?
4
Suppose 2*z = -7*t + 2*t + 16, 3*z = -2*t + 2. What is the tens digit 